highest common factor of h and n?
11
Let o(x) = x**3 - 7*x**2 + 3*x - 7. Let q be (2 + -5 + 4)*7. Let n be o(q). Calculate the highest common factor of 98 and n.
14
Let h(b) = 3*b**2 - 1. Let r be h(-1). Calculate the highest common factor of r and 1.
1
Suppose -5*x - 34 = -o + 20, -x = 3. What is the greatest common divisor of 26 and o?
13
Let i = 19 + -15. Calculate the greatest common divisor of i and 20.
4
Let n(s) = -s**3 + 4*s**2 + 5*s - 4. Let p be n(4). What is the greatest common divisor of p and 48?
16
Let q be 41/(-4) + (-1)/(-4). Let a be 6*1*q/(-6). Let m be a/25*(-40)/(-2). Calculate the highest common divisor of m and 1.
1
Suppose -5 = 5*q - 5*c, -3*q + c = -4*q - 5. Let d = q - -7. Calculate the greatest common divisor of 16 and d.
4
Let f = 40 + -28. Suppose 3*v - 5*v = -f. Calculate the highest common divisor of v and 54.
6
Let h(k) = -k**2 + k + 1. Let c be h(-1). Suppose -2*q = 3*q + 60. Let a be c/(-4) - 1077/q. Calculate the greatest common factor of a and 10.
10
Suppose 0*v + 315 = 5*v. Calculate the highest common factor of 9 and v.
9
Let v(g) = -g. Let q(x) = 12*x. Let n(j) = -2*q(j) - 20*v(j). Let f be n(-1). Calculate the highest common factor of 4 and f.
4
Let r be 75 + ((-3)/1)/3. Suppose 0 = -2*b - f + 2*f + 27, 0 = 4*b + 2*f - r. What is the highest common factor of 176 and b?
16
Let i be ((-28)/(-8) + 1 - 2)*6. Calculate the greatest common divisor of 5 and i.
5
Let f(y) = 2*y**2 - 4*y - 5. Let h be f(-5). Calculate the greatest common factor of h and 13.
13
Suppose -j - 4*j = 0. Suppose j*g + g = 1. What is the greatest common divisor of 5 and g?
1
Let u be (-6)/33 + 2468/22. Calculate the greatest common divisor of 14 and u.
14
Suppose -5*z + 19 = a, -2*z + 40 = -5*a - 0. Let k = a - -8. Suppose -2*c - k*t + 12 = 2*c, -2*c = 2*t - 2. Calculate the highest common factor of 50 and c.
5
Let q(d) = -d**3 + 6*d**2 - 3*d - 5. Let l be q(5). Suppose l*j + 4 + 20 = 2*g, 5*j = 3*g - 31. What is the greatest common divisor of g and 1?
1
Let p(x) be the first derivative of x**4/4 + x**3/3 - x**2 + 117*x + 4. Let w be p(0). What is the greatest common divisor of w and 13?
13
Suppose -3*z = -0*z - 12. What is the greatest common divisor of 1 and z?
1
Let j(k) = -k**2 + 4*k + 1. Let b be j(2). Suppose -r - x = -37 - 0, -8 = -4*x. Calculate the greatest common divisor of b and r.
5
Let x be ((-34)/4)/((-2)/4). Calculate the highest common divisor of 17 and x.
17
Let i(t) = 23*t**2 - 7*t - 7. Let g be i(4). What is the greatest common factor of 37 and g?
37
Let d be 7/(-3)*(-1 - 2). Suppose -2*p + d*p = 760. Suppose -3*t = -2*t - p. What is the highest common divisor of t and 19?
19
Suppose 0 = -0*w + 2*w - 12. Suppose 4*b - 118 = 2*z, 4*b + z - 115 = w*z. Suppose 7*x - b = 4*x. Calculate the highest common factor of x and 10.
10
Suppose -19 + 3 = 4*a, 3*n = 5*a + 50. Suppose -5*j - 35 = -4*k, k = -2*k - 3*j + 33. Suppose -k = -5*t + n. What is the highest common factor of 4 and t?
4
Let c be 3 + 6/8*4. Calculate the greatest common factor of c and 8.
2
Suppose 3*s - 36 = 33. Calculate the greatest common divisor of s and 23.
23
Let a(b) = b**3 - 5*b**2 - 4*b - 4. Suppose o - 4 = 2. Let k be a(o). Let s = 7 - 3. What is the highest common divisor of s and k?
4
Let r = -8 + 14. Let h(i) = -6*i - 9. Let o(q) = 5*q + 8. Let z(m) = r*h(m) + 7*o(m). Let a be z(-3). Calculate the highest common factor of 20 and a.
5
Let f = 47 - 44. Calculate the highest common divisor of 33 and f.
3
Let y(u) = -3*u. Let a be y(-1). Let m be ((-2)/3)/((-2)/(-3)). Let z be (-1)/m*-6*-1. Calculate the greatest common divisor of a and z.
3
Let y be 16/56 - 24/(-14). Suppose a = 3 - y. What is the greatest common divisor of 4 and a?
1
Let g = -1 + 1. Suppose 45 = -g*s + 3*s. Let j be 9/s - 2/(-5). Calculate the greatest common divisor of j and 7.
1
Let n = 10 + -74. Let f = 128 - n. Suppose 1 = d + 3*t - 14, -2*t = 6. What is the highest common divisor of d and f?
24
Suppose 64 = -3*c + 4*c + 2*b, 0 = 5*c + 4*b - 296. Let q be 2*(3 + 2 + 0). Let x = 18 - q. What is the highest common divisor of c and x?
8
Let a(d) = 4*d - 7. Let v be a(6). Suppose 0 = h - 9 - v. What is the highest common divisor of h and 39?
13
Suppose 5*p - 4*p - 20 = 0. Suppose -z + p = z. Calculate the highest common divisor of z and 80.
10
Let i be -4 + 0 + 1/(-1). Let o(d) be the first derivative of 4*d**3/3 - 7*d**2/2 - 2*d - 4. Let q be o(i). What is the highest common divisor of q and 19?
19
Let m(y) = 16*y**2 - 2*y + 1. Let l = -4 + 5. Let z be m(l). What is the greatest common divisor of 135 and z?
15
Let a = -2 + 2. Let o = 3 + a. What is the highest common divisor of o and 2?
1
Suppose 0 = -3*k + 19 - 1. Let g be (-4)/(-6)*-3 - -44. What is the greatest common factor of g and k?
6
Let t(j) = -8*j**2 + 5*j + 4. Let w(l) = 15*l**2 - 9*l - 7. Let d(q) = 11*t(q) + 6*w(q). Let r be d(4). What is the greatest common divisor of r and 57?
19
Let i(x) = x**2 + 5*x - 5. Let n be i(2). Calculate the greatest common factor of n and 9.
9
Let z = -12 + 7. Let b(m) = -m**2 + 1. Let l(a) = 2*a**2 - 5*a. Let x(t) = 3*b(t) + l(t). Let r be x(z). What is the highest common divisor of 33 and r?
3
Let l = -55 - -91. Let h be -2 - (1 - 1 - 1). Let x be 0/1 + 5 + h. Calculate the greatest common factor of x and l.
4
Let u be 2 - 28/3*-3. Let f be (-3 + 1)/(4 + -2). Let g be 0 - (-5 - (f + 1)). What is the highest common factor of u and g?
5
Suppose 4*o - 3*o = 16. Calculate the highest common divisor of o and 8.
8
Suppose -684 = -5*m + 4*f, -2*m + 274 = 2*f - 4*f. Calculate the greatest common factor of m and 17.
17
Let j(a) = -a**3 + a**2 - a + 80. Let o be j(0). Let d = -41 + 49. What is the highest common divisor of d and o?
8
Suppose -163 + 433 = 6*g. Calculate the highest common divisor of g and 315.
45
Suppose -5*p = -2*g + 96, -3*p - 37 = -2*g + 51. Suppose 6 + g = 2*v. What is the greatest common factor of v and 88?
22
Suppose g - 2*r - 13 = -2*g, 5*g - 13 = -r. What is the greatest common factor of 2 and g?
1
Suppose 0 = 2*w - 38. Let d = 54 - w. Calculate the highest common factor of 7 and d.
7
Let u = 46 - 18. Let b(a) be the second derivative of -2*a**3/3 - a**2/2 + 3*a. Let j be b(-2). Calculate the highest common divisor of j and u.
7
Let q = 127 - 83. What is the greatest common factor of q and 4?
4
Let u be 5/(-2)*6/(-5). Let z(x) = 10 + 0*x + 4*x - u*x. Let a be z(-7). What is the highest common factor of 2 and a?
1
Suppose 0 = 7*m - 5*m. Suppose m = 8*l - 4*l + 32. Let d(w) = -w**2 - 10*w - 10. Let y be d(l). Calculate the greatest common factor of 30 and y.
6
Suppose 5*f - f = 216. What is the highest common divisor of 6 and f?
6
Let u be (-1)/(-5) - (-29344)/280. Suppose 10 = 2*p + 4, -4*p = 5*j - 87. What is the greatest common factor of j and u?
15
Let i = 484 - 442. Let o be (14/5)/((-1)/(-5)). What is the greatest common factor of o and i?
14
Suppose 0*x = 5*x. Suppose t - 5 - 13 = x. What is the highest common divisor of 72 and t?
18
Suppose -2*b + 51 = -21. Calculate the greatest common factor of b and 12.
12
Suppose 5 = 3*x - 1. Suppose x*d + 450 = 7*d. Calculate the highest common factor of 36 and d.
18
Suppose -10*t = -42 - 138. Calculate the greatest common divisor of t and 162.
18
Let p(k) = k**3 + k - 1. Let l(j) = -4*j**3 + 8*j**2 - 12*j + 5. Let m(x) = l(x) + 3*p(x). Let b be m(6). Calculate the greatest common factor of 220 and b.
20
Let z be (6 + -5)/((-2)/99)*-2. What is the greatest common factor of 9 and z?
9
Let u(j) = j**3 + 7*j**2 - 2*j - 9. Let k be ((-3 - -4) + -3)*3. Let q be u(k). Calculate the greatest common divisor of q and 13.
13
Suppose -110 = -11*h + 110. Suppose -2*a = -5*a + 12. Calculate the highest common divisor of a and h.
4
Let y = -26 - -41. Suppose l - 4*k - 131 = 0, -5*l = -3*k + 166 - 838. What is the highest common divisor of y and l?
15
Suppose 4*v - 52 + 12 = 0. Calculate the highest common divisor of 20 and v.
10
Let l be (2 + -7)*56/35. Let y = l + 22. Calculate the greatest common factor of 7 and y.
7
Suppose 0 = -3*c - c + 5*p + 68, 0 = 4*p. Suppose c = s - 3*l, 7*l = -s + 2*l + 25. What is the highest common divisor of s and 40?
20
Let b be 9 + (0 - -10)/2. Calculate the highest common divisor of 56 and b.
14
Let z(x) = 